9?
-1
-272 (base 8) to base 14
-d4
Convert 1330 (base 5) to base 13.
137
What is -110000 (base 2) in base 15?
-33
What is -141 (base 10) in base 9?
-166
Convert -6 (base 16) to base 5.
-11
What is 2 (base 7) in base 5?
2
-1d (base 16) to base 6
-45
What is -1 (base 3) in base 5?
-1
Convert 1c (base 15) to base 12.
23
19 (base 13) to base 8
26
Convert -11 (base 9) to base 10.
-10
4 (base 6) to base 15
4
-5 (base 9) to base 3
-12
What is -2 (base 3) in base 4?
-2
-18 (base 14) to base 9
-24
Convert 22 (base 13) to base 2.
11100
Convert 33 (base 12) to base 2.
100111
What is -630 (base 8) in base 3?
-120010
b8 (base 12) to base 7
260
-4 (base 5) to base 12
-4
Convert -22 (base 3) to base 16.
-8
What is -11020 (base 3) in base 13?
-8a
32 (base 9) to base 11
27
What is -74 (base 13) in base 16?
-5f
What is 12 (base 9) in base 14?
b
16 (base 7) to base 8
15
What is -1 (base 4) in base 2?
-1
Convert 101 (base 2) to base 4.
11
Convert -3 (base 5) to base 2.
-11
30 (base 4) to base 3
110
Convert 0 (base 9) to base 3.
0
Convert -211 (base 9) to base 13.
-103
Convert 60 (base 11) to base 5.
231
Convert -10 (base 15) to base 14.
-11
What is -31 (base 7) in base 14?
-18
What is -11 (base 8) in base 13?
-9
-10000 (base 2) to base 3
-121
Convert 15 (base 11) to base 15.
11
Convert 2 (base 5) to base 16.
2
Convert 4 (base 9) to base 2.
100
-14a (base 11) to base 14
-c7
Convert 20 (base 7) to base 14.
10
48 (base 16) to base 4
1020
201 (base 5) to base 9
56
What is 22 (base 3) in base 5?
13
Convert -36 (base 9) to base 12.
-29
Convert 0 (base 14) to base 16.
0
10 (base 9) to base 4
21
What is -12211 (base 3) in base 6?
-421
What is -2 (base 12) in base 11?
-2
What is 3 (base 13) in base 15?
3
What is -3 (base 4) in base 2?
-11
2 (base 8) to base 5
2
What is -2a (base 16) in base 6?
-110
What is 110011 (base 2) in base 5?
201
Convert 202 (base 4) to base 16.
22
-21 (base 9) to base 5
-34
What is 33 (base 5) in base 8?
22
What is 3b (base 14) in base 9?
58
What is -e (base 16) in base 8?
-16
Convert -2210 (base 4) to base 6.
-432
What is 360 (base 7) in base 15?
c9
What is -56 (base 8) in base 7?
-64
What is 0 (base 15) in base 13?
0
Convert -11 (base 8) to base 13.
-9
What is -3 (base 11) in base 15?
-3
What is -a9 (base 15) in base 10?
-159
-43 (base 7) to base 4
-133
What is -9 (base 11) in base 8?
-11
13 (base 4) to base 14
7
0 (base 7) to base 3
0
What is 0 (base 15) in base 12?
0
37 (base 8) to base 2
11111
Convert f (base 16) to base 11.
14
What is 41 (base 5) in base 15?
16
12 (base 14) to base 8
20
Convert 0 (base 5) to base 15.
0
4 (base 11) to base 6
4
-1132 (base 4) to base 13
-73
What is 48 (base 12) in base 11?
51
Convert 0 (base 10) to base 2.
0
Convert 15 (base 16) to base 13.
18
What is -1100 (base 3) in base 9?
-40
What is 2040 (base 5) in base 7?
534
Convert 0 (base 9) to base 11.
0
What is -3 (base 7) in base 13?
-3
Convert -278 (base 9) to base 11.
-1a2
Convert -22 (base 9) to base 5.
-40
What is -422 (base 5) in base 15?
-77
Convert -1 (base 16) to base 15.
-1
Convert 7 (base 9) to base 6.
11
Convert a (base 13) to base 5.
20
What is -14 (base 15) in base 2?
-10011
What is -1000 (base 2) in base 4?
-20
Convert 0 (base 13) to base 10.
0
3 (base 7) to base 11
3
8 (base 9) to base 12
8
-5 (base 6) to base 16
-5
3 (base 6) to base 15
3
Convert 74 (base 16) to base 12.
98
-3 (base 12) to base 5
-3
Convert -11000000 (base 2) to base 12.
-140
What is 3 (base 8) in base 10?
3
-2 (base 9) to base 10
-2
1 (base 10) to base 12
1
-2 (base 10) to base 16
-2
-19 (base 11) to base 15
-15
What is 4 (base 8) in base 9?
4
Convert -2 (base 7) to base 15.
-2
Convert -10 (base 3) to base 7.
-3
Convert 7 (base 12) to base 11.
7
105 (base 10) to base 7
210
-5 (base 8) to base 12
-5
What is -3 (base 11) in base 2?
-11
What is 92 (base 13) in base 6?
315
Convert -4 (base 14) to base 9.
-4
Convert -71 (base 16) to base 2.
-1110001
Convert -20 (base 3) to base 6.
-10
Convert -35 (base 9) to base 4.
-200
Convert 3 (base 16) to base 8.
3
What is -2 (base 10) in base 2?
-10
-3 (base 12) to base 8
-3
Convert 1 (base 16) to base 8.
1
What is 32 (base 6) in base 12?
18
Convert 2 (base 10) to base 12.
2
What is -1a (base 12) in base 8?
-26
-1 (base 7) to base 9
-1
16 (base 16) to base 3
211
What is -1202 (base 5) in base 10?
-177
29 (base 11) to base 7
43
-5 (base 8) to base 7
-5
What is 2001 (base 3) in base 7?
106
Convert 150 (base 11) to base 14.
c8
-5 (base 11) to base 15
-5
Convert -7 (base 14) to base 5.
-12
Convert -341 (base 7) to base 10.
-176
What is -11 (base 2) in base 10?
-3
21 (base 3) to base 12
7
11 (base 4) to base 2
101
What is 25 (base 10) in base 12?
21
What is 10 (base 15) in base 4?
33
What is 433 (base 9) in base 7?
1014
What is -45 (base 8) in base 16?
-25
What is -9 (base 16) in base 2?
-1001
Convert -41 (base 5) to base 11.
-1a
Convert 3 (base 16) to base 9.
3
Convert -100000 (base 2) to base 8.
-40
-27 (base 12) to base 16
-1f
Convert 1 (base 8) to base 2.
1
Convert 0 (base 14) to base 4.
0
What is 6 (base 15) in base 10?
6
What is -4 (base 11) in base 2?
-100
What is 165 (base 11) in base 12?
140
-1404 (base 5) to base 3
-22111
Convert 245 (base 7) to base 10.
131
What is 13 (base 8) in base 3?
102
Convert -28 (base 16) to base 6.
-104
What is -7 (base 14) in base 10?
-7
Convert -2 (base 7) to base 12.
-2
-2 (base 3) to base 5
-2
63 (base 9) to base 7
111
What is 1112 (base 4) in base 6?
222
What is -5 (base 8) in base 11?
-5
What is -170 (base 9) in base 7?
-264
-7 (base 13) to base 8
-7
-210 (base 3) to base 5
-41
-442 (base 7) to base 2
-11100010
Convert -406 (base 7) to base 8.
-312
2000 (base 4) to base 10
128
-2 (base 15) to base 3
-2
What is 30 (base 14) in base 8?
52
What is 0 (base 14) in base 13?
0
-13 (base 14) to base 6
-25
Convert 25 (base 15) to base 6.
55
What is 8 (base 11) in base 4?
20
What is 0 (base 2) in base 14?
0
0 (base 3) to base 8
0
0 (base 11) to base 16
0
What is 5 (base 9) in base 4?
11
-1c (base 16) to base 7
-40
Convert 4 (base 9) to base 14.
4
What is 32 (base 8) in base 6?
42
-121 (base 3) to base 14
-12
What is 66 (base 7) in base 9?
53
0 (base 7) to base 2
0
-75 (base 11) to base 13
-64
-4 (base 12) to base 5
-4
What is b (base 16) in base 10?
11
Convert -7 (base 15) to base 10.
-7
23 (base 14) to base 7
43
Convert 12 (base 7) to base 8.
11
Convert -201 (base 4) to base 7.
-45
What is a7 (base 15) in base 3?
12211
Convert -2 (base 12) to base 14.
-2
-2 (base 6) to base 15
-2
Convert 101 (base 4) to base 6.
25
Convert 1 (base 5) to base 15.
1
What is -8 (base 16) in base 15?
-8
Convert -54 (base 14) to base 10.
-74
Convert 1 (base 11) to base 13.
1
Convert 0 (base 4) to base 13.
0
2 (base 11) to base 6
2
Convert 41 (base 5) to base 4.
111
What is -1015 (base 6) in base 16?
-e3
-1 (base 11) to base 4
-1
-111 (base 3) to base 7
-16
What is -100120 (base 3) in base 12?
-196
111100 (base 2) to base 10
60
Convert -3a (base 11) to base 16.
-2b
-8 (base 13) to base 4
-20
-d (base 14) to base 15
-d
Convert 0 (base 10) to base 12.
0
What is 101 (base 2) in base 15?
5
Convert -1 (base 8) to base 9.
-1
Convert -8 (base 10) to base 6.
-12
What is 1001 (base 2) in base 10?
9
Convert 1032 (base 4) to base 6.
210
-14 (base 7) to base 2
-1011
What is -46 (base 7) in base 4?
-202
-201 (base 5) to base 2
-110011
What is -20 (base 11) in base 6?
-34
What is 14 (base 10) in base 16?
e
210 (base 7) to base 14
77
Convert 32 (base 5) to base 10.
17
-1 (base 15) to base 12
-1
What is 212 (base 5) in base 9?
63
What is ac (base 13) in base 4?
2032
Convert -5 (base 14) to base 5.
-10
Convert 54 (base 13) to base 2.
1000101
Convert -11 (base 3) to base 6.
-4
What is 10 (base 10) in base 15?
a
Convert 0 (base 9) to base 3.
0
What is 2 (base 5) in base 13?
2
11 (base 10) to base 14
b
What is -3a (base 12) in base 9?
-51
What is -145 (base 13) in base 12?
-16a
-3 (base 16) to base 12
-3
350 (base 9) to base 14
168
What is 200 (base 6) in base 10?
72
What is 12 (base 13) in base 3?
120
What is -23 (base 4) in base 10?
-11
Convert 0 (base 7) to base 6.
0
Convert -1 (base 2) to base 12.
-1
Convert -5 (base 12) to base 16.
-5
-19 (base 15) to base 4
-120
Convert -146 (base 9) to base 6.
-323
Convert -3 (base 11) to base 16.
-3
Convert -1000 